+ p + 5 = 0. What is the greatest common divisor of m and r?
9
Let a be (-1287)/(-18) + 1/2. Suppose -4*o = -7*o + a. Let f = 47 - 31. What is the greatest common divisor of f and o?
8
Let a(x) = 4*x + 3. Let j be a(6). Suppose -2*n + 3 = -7*b + 6*b, -4*b + 15 = n. Calculate the greatest common divisor of j and n.
3
Let b be ((-2)/((-8)/(-14)))/(17/(-306)). Calculate the greatest common factor of 630 and b.
63
Let w(t) = t**3 - 6*t**2 + 4*t + 14. Let o be w(5). What is the highest common factor of 3 and o?
3
Suppose -6*r = -17*r + 55. Let c(l) = 4*l - 19. Let t be c(r). What is the highest common factor of t and 9?
1
Suppose 40*l = -26*l + 1584. Suppose 42 = -5*y - n + 123, 0 = -2*y - 5*n + 37. What is the highest common divisor of l and y?
8
Let a = -10 - -43. Suppose -17*d + 1885 + 2603 = 0. Calculate the highest common divisor of a and d.
33
Suppose 10*p + 17 = 207. Suppose -5*z = 4*r - 76, -r - 19 = -2*r + 5*z. Calculate the greatest common factor of r and p.
19
Let h = 21 + -16. Suppose -4*c - 80 = -h*c. What is the greatest common divisor of 32 and c?
16
Let x be -16*(-6)/(-12) - -19. Calculate the highest common factor of x and 671.
11
Suppose 2268 = 4*i + 344. Calculate the highest common divisor of 13 and i.
13
Suppose 0 = 5*s - 7 + 12. Let b be (-1 + -19*13)*s. Suppose -q + 68 = -4*z, -z - 3*z - b = -4*q. What is the greatest common factor of q and 24?
12
Suppose 4 = 2*r - 8. Suppose r*m - 5*m = 60. Calculate the greatest common factor of 12 and m.
12
Let s = -43 + 72. Suppose s = i + 5. Calculate the greatest common divisor of 12 and i.
12
Let s = 15 - -5. Suppose -397 = -v + 4*m - 161, -2*v = -4*m - 456. Calculate the highest common factor of s and v.
20
Let d = -15 + 17. Let m be ((-10)/(-25))/(d/10). Calculate the greatest common factor of 22 and m.
2
Let f = -699 + 769. What is the greatest common factor of f and 126?
14
Suppose 2*r = -2*d + 116, -r + 74 = -2*d + 10. Calculate the highest common divisor of r and 45.
15
Let g be 0/(-3) - -12 - -2. Let k = 19 - g. Let p(x) = -x**2 + 4*x + 7. Let r be p(k). What is the greatest common divisor of r and 14?
2
Suppose 5 = q - 12. Suppose -13*j + 493 = 16*j. What is the greatest common divisor of j and q?
17
Let i be ((-16)/10)/(30/(-75)). Suppose 5*v = -4*r - 2, 2*r - 14 = i*v + v. Let h = -46 + 48. What is the highest common divisor of h and r?
2
Suppose 18*h - 2 = 4228. What is the highest common factor of h and 10?
5
Let s be (3 + -10 + 4)/(15/(-110)). What is the greatest common factor of s and 66?
22
Let y(r) = -17*r + 76. Let n be y(4). What is the highest common divisor of 296 and n?
8
Suppose 15*s - 715 = 695. What is the highest common factor of 423 and s?
47
Suppose 3*w - 1 = -j, -7*w = -j - 2*w + 17. Calculate the highest common divisor of 119 and j.
7
Let f(x) = -5*x**2 + 67*x - 17. Let d be f(13). Let o = 44 + -26. Calculate the greatest common factor of d and o.
9
Suppose 2*d + 2*x = 1152, 4*d - 11*x + 13*x = 2296. What is the highest common factor of d and 52?
52
Let z = 50 + -35. Let o(i) = i**2 - 18*i + 62. Let h be o(4). What is the highest common factor of z and h?
3
Suppose 8*z - 4*z - 358 = -2*p, 0 = 4*p - 5*z - 690. Calculate the greatest common divisor of p and 315.
35
Suppose -2*t - 35*n + 2049 = -38*n, 5132 = 5*t + 2*n. Calculate the greatest common divisor of 38 and t.
38
Suppose 5*r = 4*a - 35, -3*a - a = 2*r - 42. Let l be (6/(-10))/(12/(-300)). What is the highest common divisor of l and a?
5
Suppose 2*a + 98 = -5*h - 0*a, -3*a + 63 = -3*h. Let v be h/35 - 50/(-14). Let u be v + 32 + 4 + -2. What is the highest common divisor of 37 and u?
37
Suppose 0 = 94*n - 19*n - 43200. Calculate the highest common factor of 9 and n.
9
Suppose -9*m + 6*m = 4*w - 118, 172 = 4*m - 2*w. What is the greatest common divisor of 14 and m?
14
Let f = -331 - -361. What is the greatest common factor of f and 1030?
10
Let a(z) = z**3 - 4*z - 7. Let r be a(4). Let t = -31 + r. Calculate the highest common factor of 4 and t.
2
Suppose -40 = -2*a + 58. Suppose 5*y = -2*s + a, s - 30 = -0*s + 3*y. Calculate the greatest common divisor of 9 and s.
9
Let y = -320 + 325. Calculate the greatest common factor of 5 and y.
5
Let g(m) = -m + 2 + 2*m + 7. Let l be g(0). Let p = 203 - 104. What is the highest common divisor of p and l?
9
Suppose -3*w - x = 0, 0 = -2*w - x - x. Let b be w*3/(-12) + 78. What is the highest common divisor of 52 and b?
26
Let j = 4 + 0. Suppose -2*i + 23 = r, -j*r = -3*i + 5 + 2. Let w be (-3)/i*(-4 - 2). Calculate the greatest common factor of 5 and w.
1
Let y(l) = 4*l**3 + 4*l**2 + 6*l - 1. Let d be y(-4). Let v be (-1)/3 - d/3. What is the greatest common factor of v and 18?
18
Let u(b) = -3*b - 16. Let p be u(-7). Suppose p*x = 148 + 132. Calculate the highest common divisor of 224 and x.
56
Suppose 8*m = 1694 + 226. What is the greatest common factor of 24 and m?
24
Let s(z) = -15*z + 244. Let y be s(13). Calculate the greatest common factor of 14 and y.
7
Suppose 5*s + 3*q = 10*s - 44, s + 2*q - 14 = 0. Suppose 3520 = t + s*t. What is the greatest common factor of t and 40?
40
Suppose 21*z - 16170 = -49*z. What is the greatest common divisor of z and 336?
21
Let r be -1 + 0 + -1 + 8. Let q be (-1 + 0)*(2 - (24 + -5)). Suppose 0 = r*f - 1 - q. Calculate the highest common divisor of 3 and f.
3
Let v be 3 - (4 + -6 + 5). Suppose 4*k = w + 2509, v = 3*k - 6*k + 5*w + 1903. Suppose -4*q + k = 54. What is the greatest common divisor of q and 13?
13
Suppose -16 = -5*g + g. Let a(r) = -r**2 + 20*r - 3. Let o be a(9). Suppose -o = -g*j - 4. What is the greatest common divisor of 115 and j?
23
Suppose -o - 2*l + 3*l + 15 = 0, 0 = -2*l. What is the highest common divisor of o and 705?
15
Let h(v) = v**3 - 4*v**2 - 6*v. Let p be h(6). Suppose -u = 5*w - 81 - 23, 0 = 3*w - 4*u - 44. Let q = w - 8. Calculate the highest common factor of p and q.
12
Let c(w) = -8 + w + 2*w + w. Let t be c(4). Let u(v) = v**3 + 8*v**2 + 8*v. Let z be u(-6). Calculate the greatest common divisor of t and z.
8
Suppose 2*p - 1119 = -2*p - 5*f, -10 = 2*f. Calculate the greatest common divisor of p and 11.
11
Suppose -35*n + 115 = i - 32*n, 4*i = -5*n + 460. Calculate the highest common divisor of 25 and i.
5
Suppose 2*i + 48 = 6*i. Suppose -5*f = 23 + i. Let z = f - -82. What is the greatest common divisor of 30 and z?
15
Let i(x) = 111*x - 444. Let g be i(6). Calculate the highest common divisor of 777 and g.
111
Let u be (3/4)/(-3*3/(-1044)). Let o = u - 57. Calculate the greatest common divisor of 3 and o.
3
Let x(c) be the first derivative of -6*c + 5/2*c**2 + 1/3*c**3 + 2. Let p be x(-7). Calculate the highest common factor of p and 8.
8
Suppose 2*s + 8*b = 3*b + 40, 0 = 5*b. Let o(j) = j**2 + 30*j + 108. Let x be o(-4). What is the greatest common divisor of s and x?
4
Suppose 4*y - 8 = 72. Suppose n - 150 = -2*n. Calculate the greatest common divisor of n and y.
10
Let q = -122 + 89. Let u be (-72)/33 + 2 - 633/q. What is the greatest common factor of 209 and u?
19
Let z = -6 - -1. Let v be (-22)/z + (-2)/5. Let h = 4251 - 4235. Calculate the highest common divisor of v and h.
4
Suppose 4*o - 6*o + 112 = 0. Suppose -5*p + 2*p + 3*g + 12 = 0, 4*p = -4*g + o. Let u be (p - -2) + (2 - -1). What is the highest common divisor of u and 14?
14
Suppose t - 8 = -5*w + 26, 3*w = -5*t + 170. Calculate the greatest common divisor of 272 and t.
34
Suppose -3*f + 18 = -t + f, -2*t = f - 9. Let n = 1 + t. Suppose -81*p + 10 = -76*p. Calculate the greatest common divisor of p and n.
1
Let y(f) = -f**3 - 33*f**2 + 31*f + 63. Let h be y(-34). Calculate the highest common divisor of 44 and h.
11
Let q = 11 - 9. Suppose -3*n = -3*s - 0*n + 18, -6 = q*n. Suppose 35 - 278 = -s*j. What is the highest common factor of j and 9?
9
Suppose -4*s + 9 + 7 = 0. Suppose -2*z - 172 = -7*z - s*k, -4*z = 5*k - 134. Let i be (-2)/(2*(-7 - 83/(-12))). Calculate the highest common divisor of i and z.
12
Let p be 0*(12/(-9))/(-4). Let f = 16 + p. Calculate the highest common divisor of f and 176.
16
Let x(p) = -2*p - 20. Let s be x(-10). Suppose -5*j + 20 = -s*j. Suppose 3*i - 25 = -2*i - 2*n, 2*n = j*i - 2. Calculate the greatest common divisor of i and 1.
1
Suppose -3*g + 17 = 4*i, 10 = 10*i - 8*i + 2*g. What is the g